 - -13)))?
-22
Evaluate 14 - (4 + -8) - (-24 + -15 + 36).
21
What is the value of (-12 - -1) + (3 - -1 - (-26 - -28))?
-9
Evaluate (5 - 4) + 6 - (-1 - 8 - -17).
-1
Calculate 1 - -2 - ((1 + 4 - 10) + 12).
-4
What is the value of (-1 - -29) + 13 + -39 + (55 - 35)?
22
What is the value of 11 - ((2 - (0 + -10)) + -6 + -17)?
22
What is 1 - (-5 - (-6 + 5 - 3))?
2
What is 20 - ((-4 - -11) + 10)?
3
Calculate -5 - (-2 + 13 + 0).
-16
What is the value of (45 - 43) + 1 + (4 - 11)?
-4
What is -10 + (-19 - (-5 + (-14 - -10)))?
-20
What is the value of (-3 - (1 - -1)) + (1 - 4)?
-8
What is the value of 6 - (12 - (-11 - -28)) - (-2 + 43)?
-30
What is the value of 10 + 1 + -23 + (-9 - -11)?
-10
Evaluate (20 - (-1 + 2 + 2)) + (-48 - -41).
10
What is the value of 12 + (-4 + -23 + 11 - 1)?
-5
What is the value of (1 - 5) + 14 + (-18 - -5 - -10)?
7
What is the value of 12 + -18 - 6 - -5 - -1?
-6
What is -5 + -8 + 5 + (-73 - -88)?
7
Calculate -4 + -2 + (10 - 6) - (-22 + 52).
-32
What is the value of -10 - (7 + (-9 - -4))?
-12
What is -9 + (-6 - (4 - 1))?
-18
Calculate -508 - -544 - (1 + 16).
19
-8 + (-7 + 4 - (-7 + 7)) + 3
-8
16 + -1 + (738 - 720)
33
What is (-10 - (-15 - 19)) + -11?
13
Evaluate (-26 - 1) + 2 + 8.
-17
What is (28 - 22) + (9 - 12)?
3
What is -1 + 1 + (-42 - -9 - -35)?
2
What is -564 + 575 - (-5 + 3 - -20)?
-7
Calculate -60 - -46 - (3 - -2).
-19
-12 + -15 - -15 - -12 - -30
30
What is the value of (9 - 4) + 3 - 6 - 0?
2
What is 0 + (3 + -2 - (-3 - -3)) + 9?
10
Evaluate (1 - 3) + (25 - (51 + -30)).
2
(22 - 2) + (-12 - (-14 + 2))
20
Calculate -31 + 9 - (-5 - 12).
-5
(146 - 139) + -1 + 3 + -2 - 22
-15
Evaluate (-2 - 1) + (2 - (-11 - -8)).
2
Calculate (4 + -2 - (-157 - -162)) + (1 - -5).
3
Evaluate -28 - (-21 + -20) - -10.
23
What is the value of 4 - (-1 + 7 - 10) - (1 - 2)?
9
12 + (-21 - (-5 - 25))
21
Calculate (-6 + -2 + -5 - 8) + 7.
-14
What is 0 + 3 + (7 + -25 - -6)?
-9
What is (-2 - (1 + 2)) + (11 - (-2 - 3))?
11
Evaluate -3 + (17 + -3 - 5).
6
Calculate 0 + 18 + -2 + -29 + 14 + 11.
12
What is the value of (-16 - -2) + (2 - (-10 + 8)) + 32?
22
What is -26 + (-39 - (-47 - -10))?
-28
Calculate 1 + 11 + -1 + (-13 - -10) - 10.
-2
Calculate 11 - (12 - -6) - -8.
1
-1 + 2 - ((4 - 8) + 5) - 2
-2
What is (-12 - 14) + 13 + -10 + 7?
-16
What is the value of 120 + -133 + (-2 - -1)?
-14
Evaluate -16 + -15 + 33 + -1 + 7 + 1.
9
What is 24 + 0 + 10 + 3 + -19?
18
Calculate 2 - 19 - (11 + 4 + -8).
-24
(-2 - -3 - 0) + 92 + -95 + 4
2
What is 4 - (15 + (6 - 21))?
4
-4 + 6 - ((9 - -9) + 5 + -3)
-18
5 - (6 - -1 - (6 + 9))
13
Evaluate -17 - (54 + -54 - (1 - 6) - 2).
-20
Calculate -14 + (-12 - -14) - -12.
0
What is the value of ((14 - 6) + -3 + -15 - -10) + 0?
0
Evaluate (10 - 14 - (-24 - -3)) + (0 - 8).
9
8 - 0 - ((-19 - -18 - 5) + 1)
13
24 + -17 + -11 + 16
12
Calculate ((22 - -17) + 19 - 14) + -15.
29
What is the value of 1 - 7 - (14 + -23 + 8) - -38?
33
What is 17 - 12 - (2 + -2) - (23 - -3)?
-21
What is -2 + (-17 - -12) + 6?
-1
What is (-18 - (-48 - -8)) + -21?
1
What is 1645 + -1637 + -1 + -7 + (3 - 1)?
2
16 + (13 - 27 - -32 - 16)
18
-1 + -7 - -2 - (-6 - (15 + -26))
-11
Evaluate 2 + 2 - (9 - (10 - (-9 - -14))).
0
What is the value of 7 + (15 - (14 - 15 - -14))?
9
What is (-5 - -4) + 9 + -15 - -14?
7
What is the value of 8 + 0 + -39 + 55?
24
What is the value of (6 - (9 - 15)) + -6 + -3?
3
Evaluate 0 + -19 - (6 - (-4 - -10 - -5)).
-14
What is the value of ((-2 - 8) + 14 + -6 - 1) + -7?
-10
Evaluate (5 - 5 - -29) + -13 + (26 - 5).
37
Evaluate 16 + -7 + -24 - -33 - 0.
18
Evaluate -2 - -7 - (2 - 9 - 5 - 3).
20
What is the value of -26 - (-15 + -6 - (-8 + 12 + -13))?
-14
Evaluate 9 - ((-7 - 2) + 12 + -9 + 2).
13
Evaluate -12 + 5 + -7 + 5 + 10 - 21.
-20
Evaluate (15 - 10 - (6 - (5 - -4))) + -3.
5
What is the value of 13 - -2 - (103 - 100)?
12
14 + -9 + -15 - 0
-10
What is the value of 9 + (2 - -8 - 10)?
9
Evaluate -10 + -4 + 15 - (-15 + (7 - 12)).
21
What is 1 + -10 + 2 - (-29 + 35)?
-13
435 - 448 - (-17 + 1)
3
What is the value of -5 - (-6 + 2) - (12 - 12)?
-1
What is -13 - -1 - (183 - 176)?
-19
Evaluate 13 + (-4 - 7) + 4.
6
Calculate -32 + 31 - (19 - 4).
-16
What is the value of (-13 - 2) + 14 - -15?
14
Evaluate -16 + 2 - 0 - (13 - 22).
-5
13 - (3 - (0 + 7 + -4))
13
1 - 6 - (7 - 8) - (-39 + 38)
-3
What is the value of -1 - 2 - (32 - 17 - 10)?
-8
Calculate 13 + -7 + -1 + (-24 - -2).
-17
What is -35 - -51 - (2 - (-2 + (0 - -2)))?
14
Calculate 50 + -2 + -139 + 117.
26
(-2 - 12) + 13 + 15
14
Evaluate (23 - (19 - 27)) + -48.
-17
What is -37 - (33 + -34 + -23)?
-13
Evaluate -4 - (-1 + (-1 - 3) + 2).
-1
(9 - -1) + -10 + 17 + -13
4
What is (1 + 0 - 1) + -7 + 10 + 1?
4
Evaluate 41 - (9 - (40 + -45)).
27
What is 2 + -5 + 1 + (-3 - -1) - -16?
12
What is -19 + 27 + (-21 - -8) + -16?
-21
What is the value of 13 + 9 + 25 + -42?
5
(5 - (2 - 0)) + (-3 - -27 - 26)
1
Calculate -3 - 1 - -29 - 12.
13
11 + (-2 - -5 - 3) + 5
16
Evaluate -30 - (16 + 5 + -40).
-11
What is ((8 - 0) + -12 - -4) + -13?
-13
Calculate (5 - (12 - -12)) + 11.
-8
What is the value of 2 - (12 - 8) - (6 - -3)?
-11
Calculate (-11 - 1) + -5 + -4 + (7 - 8).
-22
(-3 + -32 - -40) + -1 + -8
-4
49 - 55 - (-1 - (-10 - -3))
-12
33 - 31 - (-8 + 14)
-4
What is 0 + -7 + -214 + 211?
-10
What is the value of (-8 - 0 - (-16 - -4)) + -5?
-1
What is the value of (-4 - -6) + -5 + 0 + (14 - -3)?
14
-2 + -3 + -5 - (7 + -4)
-13
Evaluate -8 + 8 + (-7 - -24).
17
What is (33 - 45) + 4 - (-24 + 1)?
15
Evaluate (-51 + 40 - -9) + 19 + (0 - -2).
19
Calculate 61 + -56 + (13 - 2).
16
What is 4 - (8 + -1 + (-3 - 3))?
3
(5 + 3 - (2 - -9)) + -17
-20
What is the value of 9 + (47 - 37 - (3 - -18))?
-2
16 + -15 + -25 + 11
-13
3 + 5 + (13 - 33) + 1 + -5
-16
Evaluate 18 + -26 - (-5 - (-9 - -26)).
14
What is (-1 - 6) + (13 - (-17 + 29 + -7))?
1
Evaluate 7 + -38 - -12 - (-2 - 3).
-14
Evaluate (0 - -8) + (8 - (58 - (-10 - -33))).
-19
26 + -18 + (11 - 7)
12
What is -3 - (-4 + 4) - (0 + (-7 - 1))?
5
Calculate 19 + (3 - 2) + 279 + -266.
33
What is the value of -2 - ((8 - 11) + 6 + -1)?
-4
What is 4 + -3 + 23 + -1 + -16?
7
Calculate (13356 - 13346) + (-25 - 1 - (-1 - -1)).
-16
Evaluate -5 + 0 + -1 - (8 - -1 - 9).
-6
What is the value of (11 - -13) + 5 + 5 + -9?
25
Evaluate 12 + -7 - (-7 - -1).
11
Calculate -9 + 11 + 10 + -2.
10
Evaluate 35 - 14 - (-13 - -36).
-2
Calculate -16 - (14 - (12 + 7)).
-11
Evaluate -20 + (-8 - (-8 + (6 - 10))).
-16
-5 + (3 - 6 - (-5 + -5 + 1))
1
What is -3 + 9 + (-8 - 2) + 8 + 17?
21
Evaluate 5 - (-31 + 4 + 15).
17
(-7 + 1 - (8 + 0 - 19)) + -12
-7
Calculate (-42 - (-34 + 19)) + 35.
8
Calculate 2 - (10 + -14 + 17).
-11
26 - 7 - (0 - 6 - -15)
10
-1 + (18 + -22 - 0) - 14
-19
Calculate -5 - (4 + (3 - (0 - -8) - -7)).
-11
What is the value of (3 - 6 - 3) + (12 - (2 - 8))?
12
Calculate -4 - (-9 + (-2 - (3 + -9))) - -2.
3
-2811 + 2812 + (1 - (-7 + 0)) + -1
8
What is 8 - (81 + -42 - (23 - 5))?
-13
Calculate 3 - ((-18 - 1) + 11).
11
Calculate (1 - -3 - -2) + (-387 - -380).
-1
Calculate (-13 - 4) + 16 + -13.
-14
What is the value of (9 - (2 - (-7 - (-4 - 8)))) + -12?
0
Calculate 54 + -48 - (15 - (2 - -1)).
-6
(12 - 40 - (1 + 1 - 10)) + -5
-25
Evaluate (55 - 69) + 12 + 1.
-1
Calculate 2 + 34 + -4 + -28.
4
-7 + (-16 + 0 - -19)
-4
What is (16 - 10) + 10 - ((1 - -2) + 0)?
13
What is 5 + -9 - 4 - (22 + -25)?
-5
What is 23 + 29 + (-26 - 18)?
8
-38 - (-1 - 44) - (0 - -32) - 7
-32
What is the value of 12 - ((3 - -14) + -13) - (-2 + -4)?
14
-3 + 0 + -3 - (-25 + 10 - -10)
-1
Evaluate (6 + -5 - -22) + -6 - (30 - 28).
15
Calculate -23 + 21 - (5 - (1 + (2 - 7))).
-11
Evaluate 4 + -21 - (-33 - -24).
-8
What is the value of 33 + (11 - (-5 - -19))?
30
Calculate -12 - (-16 - (8 - 23 - 8)).
-19
Calculate -8 - (-9 - (-3 + -10) - 24).
12
What is the value of -456 + 462 + (-1 - (2 - -6))?
-3
Evaluate (15 - 14) + -3 + (1 - 7).
-8
Evaluate 0 - 2 - (0 + 1 + (5 - 7)).
-1
-5 + (52 - 35) + (-8 - -4)
8
11 - (17 + 9 + 7 - -16)
-38
What is 10 + (1 - (5 - (-9 - -5)))?
2
Calculate -3 + -7 + 10 + -13 + 0 + -5.
-18
What is 5 - (19 + -13 + 39)?
-40
-8 - (-9 + 2 - (18 + 5 + -5))
17
Evaluate -19 + 8 + -1 + -1.
-13
Calculate (-5 - -30 - 3) + 1 + -18.
5
Calculate (-4 + 47 - 37) + 1 + 10.
17
What is -15 - ((9 - 16) + 3)?
-11
Evaluate 2 + 9 + -3 + -153 + 178.
33
Evaluate -3 + 10 + (4 - -